 0. Is g a prime number?
False
Let y = -1783 - -3870. Suppose 19469 = 6*s + y. Is s composite?
False
Suppose 2455 = 8*l - 433. Let u be (0 - (-5)/5)*l. Suppose -4*w + 4*j + 1492 = -0*j, w + 5*j - u = 0. Is w prime?
False
Let s(b) = 248*b**3 - 3*b**2 + 3*b - 1. Let p(o) = -3*o - 2. Let a be p(-1). Is s(a) a composite number?
True
Suppose 6205 = -7*x - 914. Let w = x + 2186. Is w a composite number?
True
Let u be (9/1)/((-13)/(-143)). Let j = 40 + u. Is j composite?
False
Is (-17637)/4*84/(-9) a composite number?
True
Let h(z) = 17*z + 6. Let j be h(4). Let a(o) = -o - 43. Let k be a(0). Let y = k + j. Is y a prime number?
True
Suppose r = -5, 6*r + 4081 = 2*n + r. Let w = n + -815. Is w prime?
True
Let h = 2331 - -4138. Is h composite?
False
Suppose 5*k - 51 = -o + 238, k = 4*o + 41. Let u be (-1264)/18 - (-2)/9. Let z = k - u. Is z a composite number?
False
Let a(x) = 787*x**3 + x**2 - 11*x + 10. Is a(1) composite?
False
Suppose 111*j = 128*j - 27013. Is j prime?
False
Suppose -2*u = -4*d - 1 + 17, 5 = -5*u + 3*d. Suppose -3522 + 1388 = -u*t. Is t a prime number?
False
Suppose 0 = -8*i + 6*i - 110. Is (-4394)/(-5) + (-11)/i a prime number?
False
Let r = -50 - -26. Let z be 9/2*r/9. Let w(j) = j**3 + 16*j**2 - 4*j - 13. Is w(z) a composite number?
True
Suppose 5*m = -3*u + 25784, 2*m - 9705 - 611 = -2*u. Is m prime?
False
Let y(u) = 130*u**2 - u + 1. Let h be y(1). Suppose 5*c - h + 30 = 0. Suppose 0 = -4*l - 3*n + 136, -l - 4*n + c + 14 = 0. Is l prime?
False
Let f(p) = -p + 9. Let i be f(9). Suppose i = -2*o - 4*o + 18. Is 83 + o + (-6)/2 a composite number?
False
Let y be 2/7 + (-2540)/(-28). Let f = y - 146. Let h = 636 + f. Is h composite?
True
Let c(t) = 2*t**2 + 6*t - 2. Let f be c(-4). Suppose -f*m + 2265 = -2313. Is m prime?
False
Let h = 33 + -30. Suppose -h*w - w = -3988. Is w a composite number?
False
Is (2 - -860)/((-20)/(-1270)) a prime number?
False
Let i = -2 - -6. Suppose m + 9 = i*m. Suppose -z + 364 = m*z. Is z a composite number?
True
Let d = 19 + -20. Is d/((-20)/25)*2876 a prime number?
False
Is (-164)/(-2) - 5/(-5)*1 a composite number?
False
Suppose 0 = -2*q - 14 - 58. Let m = q + 163. Is m a composite number?
False
Let c(r) be the first derivative of -r**4/4 + 3*r**3 + 4*r**2 - 3*r - 14. Let n be 0/(-1) + (1 - -8). Is c(n) a prime number?
False
Let n(v) = -v - 8. Let r be n(-8). Suppose 6*b - 2*b - 956 = r. Is b composite?
False
Suppose -12*g = -18765 - 74751. Is g a prime number?
True
Suppose -15*c + 2*y + 440566 = -11*c, -3*c + 4*y + 330427 = 0. Is c composite?
True
Let f = 8207 - -9878. Is f a prime number?
False
Suppose 4*c = 6*c - 10. Suppose c*h + t - 1526 = -3*t, 5*t = -2*h + 624. Suppose -2*f = -2*a - h, 0*a + 8 = 2*a. Is f a prime number?
False
Suppose -1811 = 5*o + 1909. Is 1 + o/(-2 + -2) a composite number?
True
Let b(a) = 1518*a + 122. Is b(14) prime?
False
Let o(b) = 3*b**3 + b**2 - 107*b - 33. Is o(16) prime?
True
Suppose -5*h + 3*f + 16 = -58, -3*h + 42 = -f. Let o(w) = w - 11. Let x be o(h). Suppose 2*g + x*q - 1008 = -2*g, -4*q + 259 = g. Is g a composite number?
False
Is (-3)/(-2)*(-88)/(28/(-7)) composite?
True
Suppose -8*r = 5*w - 9*r - 124208, 0 = -r + 2. Is w prime?
False
Let l(c) = -3021*c + 211. Is l(-6) a prime number?
False
Let c(h) = 123*h**3 + 5*h**2 - 7*h - 3. Let a be c(-5). Is (a/42)/((-2)/(8 - 2)) composite?
False
Let h(s) = -4*s - 14. Let y be h(-5). Is 34/y*(-300)/(-20) composite?
True
Suppose 5*z + 39 = z + w, -4*z + 3*w = 45. Let h(c) = c**2 + 7*c - 14. Let m be h(z). Suppose -3*r = x - 2232, r - 5*r + m*x = -2992. Is r composite?
True
Suppose -1295 = -5*s + 115. Let j = 10 + -5. Suppose -5*c - 2*y = -s, 0 = j*c - 3*y - 1 - 301. Is c prime?
False
Let d = -2607 - -5906. Is d composite?
False
Suppose -5*s = -25669 + 10014. Let w = s - 1920. Is w a prime number?
False
Is (-1)/((-6)/9852*2) a prime number?
True
Suppose -9*d + 11*d - 406 = 0. Let f = d - 24. Is f a prime number?
True
Suppose -7*b = -199 - 4638. Is b a prime number?
True
Let x be -1859 - (0 + (-2 - -5)). Let r = -393 - x. Is r composite?
True
Let t(b) be the second derivative of -b**5/20 - b**4/2 + 7*b**3/6 + b**2 + 50*b. Let i be (2 - -4)/((-6)/8). Is t(i) prime?
False
Suppose 206*m - 204*m - 3386 = 0. Is m prime?
True
Suppose 0 = 3*w - 3, 0*w - 770 = i - 2*w. Let a = -473 - i. Suppose -4*o + a = o. Is o composite?
False
Let s be (-1)/2*-2*117. Let l(y) = -5*y**2 + 22*y - 14. Let i be l(6). Let g = s + i. Is g composite?
True
Suppose -2*x + 4 = -5*x + t, 2*x = 3*t - 12. Suppose -2*v + 14 = 6. Suppose -4*h + 185 + 1895 = -q, -h + v*q + 505 = x. Is h a prime number?
True
Let r(f) = -2*f - 16. Let b be r(-9). Suppose 4*o + p = 7*o - 496, -b*p = -4*o + 660. Is o a prime number?
False
Suppose 836*d = 837*d - 17053. Is d a composite number?
False
Let d(o) = -o**3 - o**2 + 3*o - 2. Let n be d(2). Is (-10)/(-40) + (-20630)/n a composite number?
False
Let r = 212 + 1521. Is r prime?
True
Let c(u) = -u**3 + 9*u**2 + u - 7. Let m be c(9). Is m*(-2)/18 + 65/9 prime?
True
Let b = 9 - 10. Let z(g) = -93*g**3 + 2*g + 1. Let c be z(b). Let m = c - 43. Is m a composite number?
True
Suppose -3 = 3*i + 2*b + b, i - 2*b = 2. Suppose -1 = -u - l, -3*u + 2*u + 5*l - 5 = i. Is 0/1 + 177 + u a prime number?
False
Suppose 10*z - 2 - 18 = 0. Suppose 0 = -2*u + 3*y + 1505, -2210 = -u - z*u - 5*y. Is u a prime number?
False
Let l be (-3 - (0 + -4 + 1))/1. Suppose -5*y - y + 6954 = l. Is y prime?
False
Let x(q) = -5*q**2 + 6*q + 2. Let l(r) = 6*r**2 - 5*r - 2. Let a(t) = 4*l(t) + 5*x(t). Let p be a(9). Let y(h) = h**2 - 6*h + 4. Is y(p) prime?
True
Is (-2)/(-7) + (29448/28 - -5) composite?
True
Let x(k) = k**3 - 18*k**2 + 52*k - 39. Is x(22) composite?
False
Suppose -3*o - 2*c = 248, -o = -3*o - 5*c - 169. Let b = 24 - o. Is b a composite number?
True
Let a(t) = -t - 18. Let v be a(-19). Is (3149 - (v - 6)) + 1 a composite number?
True
Let a(m) be the third derivative of -5*m**4/12 - 7*m**3/6 + m**2. Let b = -45 + 36. Is a(b) a composite number?
False
Suppose 0 = -75*b + 77*b - 16508. Is b a composite number?
True
Suppose 23*m - 26*m - 5520 = 0. Let d = m - -3497. Is d a prime number?
True
Let j = 18 + -15. Suppose 2*q = 4*l - 6*l - 10, -j*l + 4*q = 8. Is (-6)/(-24) + (-843)/l prime?
True
Suppose -6*o = -11406 - 347880. Is o composite?
True
Suppose s = 4*d + 56825, 4*d + 51441 = 2*s - 62221. Is s prime?
False
Let n(h) = 4*h**2 - 68*h + 43. Is n(-30) a prime number?
True
Suppose 2*h + 27*h = 59711. Is h composite?
True
Let z = 65 + -65. Suppose z = -5*d + 4*n + 4373, -d + 3*n + 0*n = -868. Is d composite?
False
Let c be (-20)/(-6) - 6/(-9). Let s(j) = 2*j**3 - 5*j**2 - 3*j - 3. Let m be s(c). Is 1/2*(m - -5) prime?
True
Let o be 9/(-3 + -1 - -3). Let u(t) = -t**3 - 10*t**2 - 2*t + 3. Let m be u(o). Let w = 59 - m. Is w composite?
True
Let f = 7 - 5. Let b(c) = 7*c**2 + 3*c + 9 + c**f - 6. Is b(-4) a composite number?
True
Let h(z) = -z**3 - 4*z**2 + 6*z - 22. Let c be h(-11). Let q = c - 248. Is q a composite number?
True
Suppose -3*i = 4*w - 656, -2*i + 3*i - 648 = -4*w. Let l = 43 - -67. Let a = w - l. Is a composite?
True
Let t = -19 + 72. Let v = 408 + t. Suppose 805 = 5*k - 3*q, -q - 344 = -5*k + v. Is k a prime number?
False
Let t be ((-18)/36)/((-2)/112). Is (4460/40)/(2/t) a composite number?
True
Suppose z = 4*k - 5, -4*k = 5*z - 5*k + 6. Is (2717/2 - z)*2 prime?
True
Suppose t + 4*t - p = 29226, 5*t - 4*p = 29229. Let o = t + -3442. Is (-8)/6*o/(-36) composite?
False
Suppose -2*l = -4*x - 16766, -l - 5*x + 4401 = -3982. Is l composite?
True
Suppose -68 = l - 71. Suppose 2*o + l*c = 640, 5*o = -6*c + c + 1610. Is o composite?
True
Suppose -268006 = -4*j - 2*o, -j + 3 = 2*o - 66994. Is j prime?
True
Let m be (4 - 1 - 6) + 3. Suppose -3*c + m*c - 2*h + 527 = 0, 0 = 5*c + 3*h - 880. Is c prime?
True
Let q(m) = m**3 - 5*m**2 + m - 5. Let p be 2 + (-2 - -2 - -3). Let j be q(p). Suppose j*f - 3*f = -255. Is f composite?
True
Let b = -3603 - -5936. Is b prime?
True
Suppose -3*k + 111 = -78. Let x = -36 - k. Let n = 168 + x. Is n prime?
False
Let k = -34 + 38. Suppose -k*x + 18 = -t, 4*x + 2*t = -0*x + 12. Suppose -g - 2*i = x*g - 883, -2*i = -4*g + 710. Is g composite?
True
Let j(f) = -232*f**3 - f**2 - 6*f - 3. Is j(-2) a prime number?
True
Su